is 2 - 301340230?
-301340224
In base 3, what is 10011011 + -2012010001?
-2001221220
In base 15, what is ae7310 + 16?
ae7326
In base 12, what is b900b65 - 5?
b900b60
In base 2, what is 100100100011001110000011 - -111?
100100100011001110001010
In base 2, what is 100 + 1000000111010101011110000000?
1000000111010101011110000100
In base 8, what is -4 - -76136552?
76136546
In base 7, what is -34240045443 + 4?
-34240045436
In base 10, what is 787 + -2105?
-1318
In base 8, what is 5 - -41245371?
41245376
In base 8, what is 4 - -1447402026?
1447402032
In base 10, what is 50 + 8731865?
8731915
In base 3, what is 2101221 - -102202120?
112011111
In base 8, what is -276255 - -1502?
-274553
In base 10, what is -292842721 + -2?
-292842723
In base 3, what is -11221202112 - -20?
-11221202022
In base 16, what is 50d - 29528?
-2901b
In base 7, what is 0 - 1235316621?
-1235316621
In base 14, what is -3b08d + 7d5?
-3a698
In base 15, what is -89 + -7de9?
-7e83
In base 14, what is -29b - -285d2?
28335
In base 12, what is 4 + 990099?
9900a1
In base 13, what is 190861 + 79?
19090a
In base 12, what is 1a7 + -1365a?
-13473
In base 15, what is 63 - -314bc?
31530
In base 6, what is -10 - -145020130?
145020120
In base 2, what is -101001100111100 - 10011110?
-101001111011010
In base 10, what is 116 + 25933?
26049
In base 2, what is 110010 + 10000010001001001111?
10000010001010000001
In base 2, what is 11010010101001 - -10000010?
11010100101011
In base 8, what is -104211 - 1142?
-105353
In base 2, what is -100 - 1010101110101100110100?
-1010101110101100111000
In base 8, what is 266127 - 20?
266107
In base 16, what is 3 + 15c243b?
15c243e
In base 12, what is 182881a8 + -6?
182881a2
In base 4, what is 210 - 2230303112?
-2230302302
In base 7, what is -5256 + 20205?
11616
In base 15, what is 444 - 11e47?
-11a03
In base 12, what is -44851928 + 2?
-44851926
In base 8, what is -46345745 - 0?
-46345745
In base 15, what is -11521 - -376d?
-cca3
In base 10, what is 15211131 - -4?
15211135
In base 14, what is 3 - 14b569b6?
-14b569b3
In base 5, what is -101324322 + 1230?
-101323042
In base 5, what is 2 + -4222024?
-4222022
In base 14, what is -10bdc17d - 0?
-10bdc17d
In base 7, what is 121 - -634351?
634502
In base 16, what is 10 + 35831d?
35832d
In base 16, what is -1594049 - -15?
-1594034
In base 3, what is 12 + -10212022200101?
-10212022200012
In base 12, what is 2 - -3401250a?
34012510
In base 13, what is -15c46 + -343?
-16289
In base 12, what is 8b1 + 128?
a19
In base 6, what is -14112355 + 114?
-14112241
In base 4, what is 3331 + -102331213132?
-102331203201
In base 5, what is -12 - -11011122014?
11011122002
In base 7, what is 10350160 - 0?
10350160
In base 4, what is -10 + -12111222031211?
-12111222031221
In base 6, what is -2224515 - -1342?
-2223133
In base 4, what is -212313 - 313031102?
-313310021
In base 7, what is 23 + -41120234?
-41120211
In base 14, what is 4 - 98243a?
-982436
In base 8, what is -2 - -412522245?
412522243
In base 15, what is 446286 - 19?
44626c
In base 6, what is -125404244 + 5?
-125404235
In base 6, what is -355350135 + 44?
-355350051
In base 10, what is -12 + -355306?
-355318
In base 15, what is -243a60d + 3?
-243a60a
In base 11, what is -1381 + 54a4?
4123
In base 10, what is -153343 - 382?
-153725
In base 9, what is -20331116 + 0?
-20331116
In base 5, what is 14423422 + -4203?
14414214
In base 15, what is 10914 + 744?
11158
In base 5, what is 1 + -2310040120?
-2310040114
In base 2, what is 11010100011111000100010 - 101?
11010100011111000011101
In base 16, what is -5f71a - -f?
-5f70b
In base 13, what is -303 + -36b26?
-37129
In base 2, what is 10000011111100 - -10111001111?
10011011001011
In base 13, what is 23492b - -462?
235090
In base 2, what is -100000101000110100110110 + 0?
-100000101000110100110110
In base 5, what is 214 + 1010114?
1010333
In base 3, what is -1111012212200201 + -10?
-1111012212200211
In base 6, what is -10232 + -43323?
-53555
In base 11, what is -5029 - -91?
-4a48
In base 16, what is 11 - 69980?
-6996f
In base 6, what is 30253125040 + 5?
30253125045
In base 12, what is 709b8 - 33?
70985
In base 16, what is 2 + 253cb00?
253cb02
In base 11, what is 5 - -981811a?
9818124
In base 3, what is -1 + 1120100220100001?
1120100220100000
In base 8, what is 1251166 + -212?
1250754
In base 2, what is 10101 + -1100010010010000?
-1100010001111011
In base 16, what is 5311f7 - -22?
531219
In base 10, what is 450545 - 1620?
448925
In base 9, what is 2 + -17253154?
-17253152
In base 15, what is 909 - 212c?
-1723
In base 11, what is -3878 - 232a7?
-27074
In base 10, what is -3 - 3565011?
-3565014
In base 3, what is 121220 + -10112212111?
-10112020121
In base 4, what is 10233 + 312230213?
312301112
In base 14, what is -6a356d1 - -5?
-6a356ca
In base 9, what is -5075 + -1205?
-6281
In base 8, what is 265 - -24261255?
24261542
In base 10, what is 2 + 84139426?
84139428
In base 13, what is -8a297 - -2ac?
-89cb8
In base 2, what is 11101010110101011011 + 1111?
11101010110101101010
In base 6, what is 1532445343 - 13?
1532445330
In base 9, what is -4861400 - -35?
-4861354
In base 10, what is -63 - -869658?
869595
In base 9, what is -38257621 + -5?
-38257626
In base 4, what is -3222 - 2232331233?
-2233001121
In base 8, what is -20662745 + 52?
-20662673
In base 14, what is -4 + 336006?
336002
In base 9, what is 5 + -4678225?
-4678220
In base 11, what is 4 + 1623a03?
1623a07
In base 10, what is -28 - 29356?
-29384
In base 8, what is -432075035 - 4?
-432075041
In base 15, what is 20d - 104e4?
-102d6
In base 14, what is -95caa42 + 5?
-95caa3b
In base 15, what is 1 - -182799?
18279a
In base 6, what is -5 - -3300441?
3300432
In base 6, what is -11 - 1035540220?
-1035540231
In base 5, what is 244431232010 + -1?
244431232004
In base 10, what is -3722656 + 8?
-3722648
In base 6, what is 44244 - -35344?
124032
In base 7, what is -1103042 - -2162?
-1100550
In base 9, what is -20 - -2107738?
2107718
In base 7, what is 35050 + 36001?
104051
In base 2, what is -110110 - -1000101000?
111110010
In base 15, what is -8 - -2c0c86?
2c0c7d
In base 12, what is 0 + 116a08b?
116a08b
In base 16, what is -3b4 + -13c9a4?
-13cd58
In base 15, what is -a + -5b95e?
-5b969
In base 4, what is -330032222210 + -21?
-330032222231
In base 16, what is -29be - 1ea?
-2ba8
In base 6, what is -22534 - 3145?
-30123
In base 15, what is 1701e5 - 191?
170054
In base 9, what is -441645 + 588?
-441046
In base 3, what is 12 - -212121011101011?
212121011101100
In base 4, what is 10030023322032 + -3?
10030023322023
In base 12, what is -15200 - -398?
-14a24
In base 16, what is 8364 - -599?
88fd
In base 13, what is 408 - 851b?
-8113
In base 3, what is -20 - 120000121012?
-120000121102
In base 11, what is -1 + 3218755?
3218754
In base 15, what is -1a0c908 + 17?
-1a0c8e1
In base 14, what is -3bc2 + -146c?
-5250
In base 8, what is 11 - 5010621?
-5010610
In base 3, what is -11111102 - -10102?
-11101000
In base 9, what is 205800373 - -3?
205800376
In base 3, what is -111010110 + 11010100?
-100000010
In base 6, what is -15401 + 3055?
-12302
In base 16, what is -7 - -19aef9?
19aef2
In base 14, what is a7a4 - 1?
a7a3
In base 8, what is 1137 + -162160?
-161021
In base 10, what is 86 - -5383364?
5383450
In base 4, what is 211 + -1133323322?
-1133323111
In base 5, what is -12342200114 + -40?
-12342200204
In base 10, what is 185 - -1149008?
1149193
In base 5, what is 30110 + -2101312?
-2021202
In base 9, what is 43 + 1124412?
1124455
In base 11, what is 16408a44 - 7?
16408a38
In base 7, what is -531 + -123436?
-124300
In base 2, what is 10010010011101010 - 100000011?
10010001111100111
In base 2, what is 10001001011111000011 + 110000?
10001001011111110011
In base 2, what is 11001001110100100001010 - -1?
11001001110100100001011
In base 15, what is 461 - -6dcde?
6e250
In base 2, what is 10010111001110000110010111 + 1010?
10010111001110000110100001
In base 13, what is -1687 - -129abb?
128434
In base 16, what is -340c99a - 0?
-340c99a
In base 8, what is 404 + 415127?
415533
In base 16, what is -5 - -14a625?
14a620
In base 16, what is d361c4b + 4?
d361c4f
In base 5, what is 442142114 - -232?
442142401
In base 6, what is -32130 - 1340331?
-1412501
In base 7, what is 14346515 + -12?
14346503
In base 5, what is 10214310211 + -22